{"id":8295,"date":"2025-10-18T08:52:45","date_gmt":"2025-10-18T05:52:45","guid":{"rendered":"https:\/\/ascilik.avrasya.edu.tr\/?page_id=8295"},"modified":"2025-11-22T11:29:17","modified_gmt":"2025-11-22T08:29:17","slug":"2025-2026-yili-idari-faaliyetler","status":"publish","type":"page","link":"https:\/\/ascilik.avrasya.edu.tr\/?page_id=8295","title":{"rendered":"\u0130dari Faaliyetler (2025-2026)"},"content":{"rendered":"\n<p>A\u015f\u00e7\u0131l\u0131k B\u00f6l\u00fcm\u00fc B\u00f6l\u00fcm Kurulu Toplant\u0131s\u0131<\/p>\n\n\n\n<p>B\u00f6l\u00fcm \u00f6\u011fretim elemanlar\u0131m\u0131z \u2026\u2026\u2026\u2026.. tarihinde B\u00f6l\u00fcm Kurulu Toplant\u0131s\u0131 ger\u00e7ekle\u015ftirmi\u015flerdir.<\/p>\n","protected":false},"excerpt":{"rendered":"<p>A\u015f\u00e7\u0131l\u0131k B\u00f6l\u00fcm\u00fc B\u00f6l\u00fcm Kurulu Toplant\u0131s\u0131 B\u00f6l\u00fcm \u00f6\u011fretim elemanlar\u0131m\u0131z \u2026\u2026\u2026\u2026.. tarihinde B\u00f6l\u00fcm Kurulu Toplant\u0131s\u0131 ger\u00e7ekle\u015ftirmi\u015flerdir.<\/p>\n","protected":false},"author":1,"featured_media":0,"parent":0,"menu_order":0,"comment_status":"closed","ping_status":"closed","template":"","meta":{"footnotes":""},"class_list":["post-8295","page","type-page","status-publish","hentry"],"_links":{"self":[{"href":"https:\/\/ascilik.avrasya.edu.tr\/index.php?rest_route=\/wp\/v2\/pages\/8295","targetHints":{"allow":["GET"]}}],"collection":[{"href":"https:\/\/ascilik.avrasya.edu.tr\/index.php?rest_route=\/wp\/v2\/pages"}],"about":[{"href":"https:\/\/ascilik.avrasya.edu.tr\/index.php?rest_route=\/wp\/v2\/types\/page"}],"author":[{"embeddable":true,"href":"https:\/\/ascilik.avrasya.edu.tr\/index.php?rest_route=\/wp\/v2\/users\/1"}],"replies":[{"embeddable":true,"href":"https:\/\/ascilik.avrasya.edu.tr\/index.php?rest_route=%2Fwp%2Fv2%2Fcomments&post=8295"}],"version-history":[{"count":4,"href":"https:\/\/ascilik.avrasya.edu.tr\/index.php?rest_route=\/wp\/v2\/pages\/8295\/revisions"}],"predecessor-version":[{"id":8348,"href":"https:\/\/ascilik.avrasya.edu.tr\/index.php?rest_route=\/wp\/v2\/pages\/8295\/revisions\/8348"}],"wp:attachment":[{"href":"https:\/\/ascilik.avrasya.edu.tr\/index.php?rest_route=%2Fwp%2Fv2%2Fmedia&parent=8295"}],"curies":[{"name":"wp","href":"https:\/\/api.w.org\/{rel}","templated":true}]}}